35091, -58487 = -5*s - 17*w + 21*w. Is s composite?
False
Suppose -4*n = -5*l - 837 - 2302, -5*n + 3945 = -2*l. Suppose 18 = 21*i - 24. Suppose -2*m = b - 1573, i*b + 2*b = m - n. Is m prime?
True
Suppose -5*z + 19639 = -y, 2*z + 39218 = -194*y + 192*y. Let r = 32735 + y. Is r a prime number?
True
Let g(v) = 671*v**2 + 2211*v**2 - 6 + 0 + 2. Is g(1) a composite number?
True
Let g be 4/26 + (-2474180)/(-884). Is g/12*(-11)/(33/(-4)) a composite number?
False
Let l be (-9)/(81/6)*-6. Is ((-27)/6 + l)*-3538 composite?
True
Let y(i) = 16*i + 3. Let t be y(1). Suppose -17 = -3*z - 4*q, -5*z + 0*z = 2*q - t. Is ((-3)/z*11)/(2/(-106)) composite?
True
Let d be 69 + 2/8*0. Let r = d + -64. Suppose r*k = 17077 - 3662. Is k prime?
True
Let l(t) = 165*t**3 + t**2 - 2*t + 1. Let q(g) = 55*g**3 - g. Let r(i) = -2*l(i) + 7*q(i). Let v be r(-1). Let a = 255 + v. Is a composite?
False
Suppose 0 = -0*j - 2*j + 2*l + 40, 5*j - 3*l = 102. Let a(n) = 124*n - 283. Is a(j) a prime number?
False
Let t(h) = -3*h. Let r be t(-1). Is 6065/15*r - -6 composite?
True
Let i(n) = -15*n + 37. Let v be i(3). Is (1/(12 + v))/(2/27112) composite?
False
Let c(n) = 22880*n**2 + 6*n + 4. Let m be c(-1). Suppose -2*u = -3*y - 4245 - 10988, -3*u - 5*y = -m. Is u composite?
False
Suppose -5*g - 2*y + 4*y = -121, 3*y + 9 = 0. Let t = g - 18. Suppose -t*w - 5*j = -4*j - 8188, 5*w + 5*j = 8200. Is w composite?
False
Suppose 0 = -2*l + 3*a - 12, l + 30 = -4*l + 5*a. Let z = 9 + l. Is (6/z)/(2/563) a prime number?
True
Let f(m) = 4*m**2 + 3*m + 16. Let a(d) = -2*d + 33. Let t(z) = -22*z**3 - z**2 + 2*z + 1. Let v be t(-1). Let j be a(v). Is f(j) a composite number?
False
Let j(y) = -y**3 - 5*y**2 + y + 9. Let r be j(-5). Suppose 2*x + x - i = 8705, 0 = -2*i - r. Is x a prime number?
False
Let q be (7 - -5)/(3/4). Suppose -q*b + 22*b - 9942 = 0. Is b composite?
False
Let y = 2811 - -2685. Suppose -27508 = -5*o + 3*s, 0 = o - 3*s + 8*s - y. Is o composite?
False
Let i(y) be the second derivative of 269*y**3/3 - 25*y**2/2 + y. Suppose 16*l - 12*l + m - 28 = 0, -4*l = 3*m - 36. Is i(l) composite?
False
Let c(z) = 3*z - 26. Let x be c(9). Let w be 0/((-48)/(-8))*x/(-2). Suppose w = -j + 488 + 165. Is j a composite number?
False
Let w(x) be the third derivative of -6*x**2 + 1/24*x**4 - 1/60*x**5 + 11/10*x**6 + 0 + 0*x - 1/6*x**3. Is w(1) a prime number?
True
Let h = -228909 + 428678. Is h prime?
False
Suppose 2*i = -i + 5*h - 4, -3*i - 2*h - 11 = 0. Let q be 16*1/2 + i. Suppose -q*n = y - 0*y - 349, 2*y - 650 = 2*n. Is y composite?
True
Suppose 5*u + 45 = 32*c - 29*c, 2*u + 36 = 3*c. Let s = -2 + -2. Is (1494/(-15))/(s/c) prime?
False
Suppose 0 = 3*h - 97597 + 276040. Is (-7)/((1 + 2)*9/h) prime?
False
Let l(k) = 312*k**2 - 15*k - 13. Let y be 10/(-15)*6 - 0. Is l(y) composite?
False
Let a(v) be the second derivative of 3*v**4/4 + 25*v**3/6 - 9*v**2/2 - 217*v. Let m = 19 - 9. Is a(m) composite?
True
Let z be 4*(-22)/(-24) - 1/(-3). Suppose -z*o + 2*a + 2*a + 16784 = 0, -4*o = 3*a - 16770. Let p = o + 2689. Is p composite?
False
Let j(o) = 460*o - 7801. Is j(20) a composite number?
False
Let p be ((-24)/(-7) - 4) + (-1652838)/(-21). Is 16/36 + p/18 prime?
True
Suppose 4*r + 33 = 4*a + 177, -2*r - 4*a + 84 = 0. Suppose 35*h = r*h - 381. Is h a prime number?
True
Let k(w) = w**2 + 30*w + 12. Let h be k(-30). Is ((-37308)/8 + 0)/(h/(-8)) composite?
False
Let w be (8 - 7)*(1 - (-10 + -1)). Suppose -34*z = -w*z - 161678. Is z a composite number?
False
Suppose 49*h - 11945485 - 9826734 = 0. Is h prime?
False
Let d(b) = -4*b - 13. Let x(m) = 7*m + 26. Let h(n) = -5*d(n) - 3*x(n). Let r be h(-11). Is 630/8 + r*(-2)/16 a prime number?
True
Let i be (35/(-14))/((-1)/(-2)). Let z = i + 26. Suppose 0 = -22*f + z*f + 821. Is f a composite number?
False
Suppose 5*p - 19799 = -g, -g = -5*p - 3414 + 23205. Is p composite?
True
Suppose 651*r + 163490 = 661*r. Is r a composite number?
False
Suppose -4*b - 2*a = -58, 8*b - 49 = 4*b + a. Let x(r) = 23*r**2 + 17*r + r - r**3 + b + 4*r. Is x(23) prime?
False
Suppose 5*v - 2510 = 2*k, -3*v - 14*k = -9*k - 1537. Suppose 4130 = 5*z - 5*y, 2*y - 2830 - v = -4*z. Is z a composite number?
True
Suppose -12*k + 876575 = -517849. Let p = -68923 + k. Is p a composite number?
False
Let o(i) = i**2 - 7*i - 22. Let w be o(9). Let x(k) = -437*k - 8. Let f be x(w). Suppose 5*s = f + 2105. Is s prime?
True
Let d(p) = p**2 - 5*p + 6. Let g be d(-7). Suppose v - 91 = -3*u + g, 4*v - 3*u = 754. Is v a composite number?
True
Let g = 0 + 3. Suppose -405 = g*b - 4749. Suppose 0 = 6*f - b - 106. Is f a prime number?
False
Let r = -3633 - -4006. Is r composite?
False
Suppose 2*o = -m + 581365, -22*o + 290669 = -21*o - 4*m. Is o a prime number?
False
Suppose -191*y = -196*y + 36535. Let q = 10246 - y. Is q a composite number?
False
Let q = 25172 - -6227. Is q prime?
False
Suppose -86*b + 53 = 53. Suppose -2*v + 5*v = -z + 14, -4*z = 3*v - 20. Suppose -w - 4*h = -99, b*h = -v*w + h + 481. Is w prime?
False
Suppose 0 = 270*i - 268*i - 12. Suppose -16*d = i*d - 82214. Is d a prime number?
False
Suppose 3*w = 5*a - 53330, 3*a + 13*w - 31998 = 9*w. Is a a composite number?
True
Is (-3 - (-69)/24)/(-8 - 219942333/(-27492792)) a composite number?
False
Suppose -30*m + 104538 = -16*m. Suppose n = -4*u + m, -2*u = 3*n + n - 29812. Is n composite?
False
Let f = -120 + 123. Suppose -f*q = -5*c + 99599, -c + 0*c + 19915 = -3*q. Is c composite?
True
Suppose 0*x - 2*b = 3*x - 154, 5*x = b + 261. Let c = -47 + x. Suppose -2*t + 1551 = w, -3*w + 0*t = c*t - 4658. Is w a composite number?
True
Let d(x) = -x**3 + 27*x**2 - 71*x - 24. Let t be d(24). Suppose t = 7*l - 5*l + 6, 0 = 4*g - l - 66695. Is g composite?
False
Suppose 4*s - 134 = -4*r - s, r - 4*s - 23 = 0. Let u = 31 - r. Suppose u = 11*h - 9*h - 374. Is h a composite number?
True
Suppose -3*g + 5*f = -3735016, 12*g - 57*f = -58*f + 14940085. Is g a prime number?
False
Let i(v) = 18*v**2 - 191*v + 2143. Is i(144) a prime number?
True
Suppose -5*u = -3*a + 30, 5*u - 11 + 31 = a. Suppose a - 5 = 8*v. Is (-29)/(v + -1 + (-4)/(-6)) composite?
True
Suppose 4*l = -4, -29*u + l + 21 = -24*u. Suppose 2*w = -3*n + 668, -u*n + 330 - 1349 = -3*w. Is w composite?
False
Let y = 194553 - 104576. Is y composite?
False
Suppose 4*u = 5*u + 963. Let h = 1812 + u. Is h a prime number?
False
Let c(z) = -7*z - 48. Let x be c(-6). Let t(k) = 18*k**2 - 4*k - 5. Is t(x) composite?
True
Is 3299377955/3729 + -2*2/(-66) a prime number?
True
Let g(q) = -q**3 - 17*q**2 - 24*q - 4. Let m be g(-17). Suppose 5*s - 5*i = -1540, -m = 2*s + 2*i + 200. Is 14*5/((-50)/s) a composite number?
True
Let y = 62 - 54. Suppose -4*s - y = 8, 3*t - 34 = 4*s. Suppose 3*n = t*n - 2181. Is n prime?
True
Let q = -52995 - -105484. Is q a prime number?
True
Is (-6)/(-4)*(491488/24 + -2) prime?
False
Let a(q) = -18556*q + 1541. Is a(-6) composite?
False
Suppose 5*j + 3*y = 15, y - 9 = -4. Suppose -7*t + 20052 - 5359 = j. Is t a composite number?
False
Let s(x) = 43*x**3 + 9*x**2 - 73*x - 31. Is s(8) a prime number?
True
Suppose 0 = -20*v + 7*v + 1581893 - 468274. Is v a composite number?
True
Let f(l) = -254*l**3 + 13*l**2 - 44*l + 272. Is f(-13) composite?
False
Let r = -7117 + 7867. Suppose -10 + 31 = 3*b. Suppose -w + 2*x = b*x - r, 1 = -x. Is w a prime number?
False
Let g = -2136 + 7971. Let h = g + 146. Is h composite?
False
Let y(k) = -k - 1. Let m(z) = -2*z + 5. Let n(s) = m(s) - 4*y(s). Let v be n(-3). Is 416/v + 13/39 a composite number?
False
Let v = -344 - -474. Suppose -135*f + 87665 = -v*f - u, 4*f - 5*u - 70132 = 0. Is f prime?
False
Let c = -375 - -379. Suppose 5*j + 10410 = 4*k, -7*k + c*j = -2*k - 13017. Is k a prime number?
False
Let x = -25 - -9. Let u(j) = 3 + 2 - 44 - 50*j + 6. Is u(x) composite?
True
Let n(b) = b**3 - 14*b**2 + 2*b - 27. Let u be n(14). Is 130/(-2 + -8)*-277*u a prime number?
False
Let g = 251936 - 150397. Is g composite?
True
Suppose -2*a + r - 1186 = 0, 4*r - 525 = a + 75. Let t = a + 1335. Is t composite?
False
Suppose 3*b + 201 = 5*o + 938, 4*o + 587 = 5*b. Is o/(-1)*(690/(-24))/(-23) composite?
True
Let h(v) = 5*v - 27. Let m be h(14). Suppose -47*d = -m*d - 4. Is d*(-674)/(-4)*(-8)/(-4) prime?
True
Let u be 5 - (-16)/4 - 1. Suppose u*n - 177 = 5*n. Let d